 -41 - -5b?
1a
In base 14, what is 4 - 9?
-5
In base 8, what is 5 - 60?
-53
In base 6, what is 30 + 53?
123
In base 12, what is -40 + 1?
-3b
In base 7, what is -32 + -26?
-61
In base 7, what is -3 - -111?
105
In base 16, what is 28 - 2b?
-3
In base 8, what is -1 - 7314?
-7315
In base 15, what is 0 + -16c?
-16c
In base 15, what is -1 + 3c1?
3c0
In base 9, what is -465 + 8?
-456
In base 16, what is 93 - -2?
95
In base 7, what is -3 + -1505?
-1511
In base 4, what is 10112233 + 1?
10112300
In base 6, what is 115 + -10?
105
In base 13, what is -2 + 8cb?
8c9
In base 10, what is 113 + 5?
118
In base 12, what is -397 - -1?
-396
In base 13, what is -4 - 10?
-14
In base 2, what is -100101100101 + 101?
-100101100000
In base 13, what is -b02 + 0?
-b02
In base 13, what is bc + -17?
a5
In base 4, what is 213 + -13?
200
In base 7, what is 2035 - -5?
2043
In base 9, what is -370 - 0?
-370
In base 15, what is 3 + -1dc?
-1d9
In base 5, what is -1134 - -3?
-1131
In base 11, what is 3 - 225?
-222
In base 10, what is -6 + 587?
581
In base 10, what is 5 + 847?
852
In base 8, what is 6 + -1720?
-1712
In base 16, what is 5aa + 3?
5ad
In base 10, what is -4 - -3?
-1
In base 6, what is -450 + 153?
-253
In base 6, what is -514 - 5?
-523
In base 16, what is -1 + -3e?
-3f
In base 2, what is 101 + -110100?
-101111
In base 7, what is 102 - 4?
65
In base 4, what is 3 - -222303?
222312
In base 7, what is -2 + -236?
-241
In base 13, what is -55 + -16?
-6b
In base 16, what is -5b00 + -4?
-5b04
In base 2, what is 10111 - 111001?
-100010
In base 12, what is 21 + -2a?
-9
In base 14, what is -4 - 2d?
-33
In base 9, what is -4 - -1238?
1234
In base 11, what is -888 - -3?
-885
In base 14, what is 0 + -b4?
-b4
In base 16, what is -5 + -21?
-26
In base 11, what is 6a6 - -11?
707
In base 5, what is 231 + 41?
322
In base 14, what is 7 - 8?
-1
In base 4, what is -10121 + -11?
-10132
In base 15, what is -bbb - -2?
-bb9
In base 15, what is -428 - -d?
-41a
In base 10, what is -967 + 3?
-964
In base 7, what is 122 + 220?
342
In base 10, what is -327 + 11?
-316
In base 3, what is 10 - -10112?
10122
In base 6, what is -4 + 354?
350
In base 6, what is -2154 - 0?
-2154
In base 4, what is 11 - -121?
132
In base 13, what is 0 - -231?
231
In base 16, what is 1385 + -5?
1380
In base 2, what is 1010001101 - 10?
1010001011
In base 4, what is 0 + 121311?
121311
In base 9, what is 6 - 856?
-850
In base 12, what is 114 + 1?
115
In base 14, what is -25 + 3?
-22
In base 2, what is -1101 - 100100010010?
-100100011111
In base 15, what is -8e + -5?
-94
In base 12, what is -1 + 25?
24
In base 6, what is -5 - -25523?
25514
In base 10, what is 2 + 1631?
1633
In base 14, what is 5ac - -3?
5b1
In base 2, what is 100 + 101?
1001
In base 9, what is -50 + 11?
-38
In base 4, what is -10 + 232331?
232321
In base 12, what is 1b - 0?
1b
In base 4, what is 10 + 110?
120
In base 11, what is 4 + a?
13
In base 15, what is -8 - 104?
-10c
In base 8, what is -2 - 733?
-735
In base 10, what is 23 + -24?
-1
In base 11, what is 10215 - -4?
10219
In base 9, what is 6203 - -3?
6206
In base 4, what is 301020 - 11?
301003
In base 12, what is -20 - a?
-2a
In base 2, what is -11010100011 + 10?
-11010100001
In base 10, what is 1269 - 0?
1269
In base 11, what is -852 - -3?
-84a
In base 2, what is -10100000100010 - 0?
-10100000100010
In base 14, what is -3 + 18c2?
18bd
In base 6, what is -3 + -23?
-30
In base 4, what is 1011210 + -2?
1011202
In base 10, what is -3991 - 3?
-3994
In base 8, what is -16 - 0?
-16
In base 10, what is 8 - 139?
-131
In base 3, what is 12 - -1100012?
1100101
In base 3, what is 11 - -120202?
120220
In base 16, what is 289 + -a?
27f
In base 5, what is -10 + 111?
101
In base 10, what is -11 + 195?
184
In base 15, what is 7a94 + 4?
7a98
In base 14, what is 4 - 17?
-13
In base 6, what is -10 - -33?
23
In base 13, what is 67 + 0?
67
In base 3, what is 21 + 2?
100
In base 9, what is -8 + 6?
-2
In base 16, what is 0 + 3c?
3c
In base 14, what is 3854 + -3?
3851
In base 12, what is 3 - -85b?
862
In base 8, what is 4 - 651?
-645
In base 3, what is 110 + 2012?
2122
In base 3, what is -22111 + 10?
-22101
In base 14, what is 1c + 26?
44
In base 3, what is 1101020 - -12?
1101102
In base 9, what is -1 - -1142?
1141
In base 15, what is -134 + 4?
-130
In base 10, what is -1 + -31?
-32
In base 13, what is -1 - 4a?
-4b
In base 10, what is -8 - -5?
-3
In base 14, what is 47 - -7?
50
In base 4, what is 211220 + 0?
211220
In base 7, what is -12335 - -3?
-12332
In base 4, what is 11213 + -11?
11202
In base 8, what is 1276 + -5?
1271
In base 8, what is 4 - -10426?
10432
In base 7, what is -2365 + -33?
-2431
In base 16, what is -3c - -9?
-33
In base 6, what is -120 - -32?
-44
In base 2, what is 0 - -100101011?
100101011
In base 10, what is 1730 + -4?
1726
In base 9, what is 5 + -133?
-127
In base 16, what is -45 + 6?
-3f
In base 8, what is -3463 + 4?
-3457
In base 8, what is 276 + 1?
277
In base 5, what is 14 - -222?
241
In base 10, what is 1012 + 1?
1013
In base 13, what is c8 - -1?
c9
In base 8, what is 204 - -155?
361
In base 11, what is -1 - 134?
-135
In base 5, what is -30400 - -23?
-30322
In base 5, what is -14 + 110?
41
In base 13, what is -ab2 - -2?
-ab0
In base 6, what is -21 + -523?
-544
In base 5, what is -210 - -24?
-131
In base 2, what is -1100 - 10010000?
-10011100
In base 10, what is -77 - -5?
-72
In base 6, what is -4 + -31110?
-31114
In base 14, what is 9 - -5a0?
5a9
In base 5, what is -4111 - 4?
-4120
In base 3, what is 11011120 + 1?
11011121
In base 8, what is 203 - -4?
207
In base 6, what is 124 - -1155?
1323
In base 13, what is -1 + -795?
-796
In base 6, what is 11002 + 1?
11003
In base 14, what is -28c + b?
-281
In base 5, what is -3403 - -2?
-3401
In base 13, what is 5 - 9?
-4
In base 13, what is -5 + 1342?
133a
In base 3, what is -2 - 11?
-20
In base 8, what is 201 + -4?
175
In base 5, what is 2103 - 13?
2040
In base 13, what is 56 - -10?
66
In base 16, what is -799 + -1?
-79a
In base 16, what is 23 - -17?
3a
In base 15, what is c + -10?
-3
In base 7, what is 5 + 1526?
1534
In base 12, what is -5 + 267?
262
In base 13, what is -2 + -49?
-4b
In base 4, what is 3 + -10301?
-10232
In base 3, what is 111101 - -100?
111201
In base 6, what is -54 + 13?
-41
In base 6, what is 5 + 15335?
15344
In base 5, what is 10421 - 13?
10403
In base 16, what is -3 - 11f?
-122
In base 3, what is 10 - 10122?
-10112
In base 15, what is -38 + -1?
-39
In base 3, what is -2 - -102?
100
In base 10, what is -1 + -9?
-10
In base 5, what is -4 + 11230?
11221
In base 16, what is -6d - 1?
-6e
In base 3, what is 2212200 + -2?
2212121
In base 11, what is 1310 + -4?
1307
In base 10, what is 0 + -1?
-1
In base 3, what is 1001 - 0?
1001
In base 3, what is -1 + -1020220?
-1020221
In base 8, what is 1120 - -2?
1122
In base 13, what is -1a + -3a?
-57
In base 11, what is 12 - -3?
15
In base 9, what is 6 - -2?
8
In base 13, what is -c81 + -2?
-c83
In base 10, what is 434 - -20?
454
In base 16, what is 1 - 5a?
-59
In base 13, what is 1 + -30?
-2c
In base 3, what is -1001 + -1000?
-2001
In base 14, what is -4 - -1992?
198c
In base 11, what is -1 - 45?
-46
In base 14, what is -63b8 + -1?
-63b9
In base 8, what is 1056 - -5?
1063
In base 15, what is -11 - 5?
-16
In base 3, what is 2 - -1011?
1020
In base 7, what is -2 - -656?
654
In base 16, what is -7b + a4?
29
In base 13, what is 302 - 4?
2cb
In base 12, what is 54 + 23b?
293
In base 15, what is -7 + 142?
13a
In base 8, what is -115 - 14?
-131
In base 6, what is -244 - 0?
-244
In base 13, what is -1c + -48c?
-4ab
In base 10, what is -5332 - -1?
-5331
In base 4, what is -101 - -20?
-21
In base 3, what is -12 - -20010?
12221
In base 10, what is 11 + 4?
15
In base 3, what is -221200 - 0?
-221200
In base 16, what is -bec + -5?
-bf1
In base 7, what is 2 + 235?
240
In base 6, what is -1 + 1?
0
In base 15, what is -1 + 286?
285
In base 9, what is 72 - 0?
72
In base 13, what is -6 - 597?
-5a0
In base 12, what is 4 - 5?
-1
In base 5, what is -1211 - -1?
-1210
In base 12, what is -17 + 10?
-7
In base 13, what is -1 + -1080?
-1081
In base 11, what is -7 + -8?
-14
In base 10, what is 2 + -455?
-453
In base 6, what is 3 + -1031?
-1024
In base 4, what is -3 + -3222?
-3231
In base 13, what is -1 + -2b?
-2c
In base 3, wha